hat is the tens digit of 2945?
4
What is the units digit of 6005?
5
What is the units digit of 662?
2
What is the units digit of 290?
0
What is the units digit of 655?
5
What is the tens digit of 72?
7
What is the hundreds digit of 40795?
7
What is the units digit of 575?
5
What is the hundreds digit of 13415?
4
What is the tens digit of 5233?
3
What is the tens digit of 778?
7
What is the units digit of 29808?
8
What is the tens digit of 809?
0
What is the thousands digit of 1378?
1
What is the thousands digit of 23643?
3
What is the units digit of 343?
3
What is the units digit of 56479?
9
What is the thousands digit of 2147?
2
What is the units digit of 2991?
1
What is the tens digit of 17068?
6
What is the units digit of 29156?
6
What is the units digit of 9945?
5
What is the tens digit of 10300?
0
What is the units digit of 73306?
6
What is the tens digit of 5267?
6
What is the tens digit of 86?
8
What is the tens digit of 5299?
9
What is the units digit of 11067?
7
What is the thousands digit of 3520?
3
What is the units digit of 3319?
9
What is the hundreds digit of 17326?
3
What is the tens digit of 32721?
2
What is the hundreds digit of 285?
2
What is the tens digit of 9027?
2
What is the units digit of 843?
3
What is the tens digit of 29119?
1
What is the thousands digit of 5562?
5
What is the thousands digit of 27852?
7
What is the ten thousands digit of 71130?
7
What is the units digit of 825?
5
What is the thousands digit of 60434?
0
What is the units digit of 4?
4
What is the tens digit of 882?
8
What is the units digit of 1249?
9
What is the hundreds digit of 1157?
1
What is the units digit of 1306?
6
What is the tens digit of 687?
8
What is the tens digit of 44559?
5
What is the units digit of 597?
7
What is the hundreds digit of 62593?
5
What is the hundreds digit of 14230?
2
What is the units digit of 135676?
6
What is the tens digit of 7369?
6
What is the ten thousands digit of 110374?
1
What is the thousands digit of 7234?
7
What is the hundreds digit of 2995?
9
What is the ten thousands digit of 53588?
5
What is the ten thousands digit of 170532?
7
What is the thousands digit of 4576?
4
What is the tens digit of 6629?
2
What is the tens digit of 33428?
2
What is the units digit of 31037?
7
What is the thousands digit of 8216?
8
What is the hundreds digit of 178?
1
What is the ten thousands digit of 23933?
2
What is the tens digit of 1846?
4
What is the thousands digit of 1506?
1
What is the ten thousands digit of 73214?
7
What is the units digit of 28339?
9
What is the units digit of 273?
3
What is the units digit of 75438?
8
What is the tens digit of 9831?
3
What is the hundreds digit of 210?
2
What is the tens digit of 2195?
9
What is the ten thousands digit of 12683?
1
What is the tens digit of 13145?
4
What is the thousands digit of 1342?
1
What is the tens digit of 5435?
3
What is the thousands digit of 3948?
3
What is the thousands digit of 1139?
1
What is the units digit of 4860?
0
What is the hundreds digit of 9695?
6
What is the tens digit of 58323?
2
What is the tens digit of 615?
1
What is the units digit of 238?
8
What is the units digit of 904?
4
What is the hundreds digit of 21603?
6
What is the hundreds digit of 899?
8
What is the units digit of 4736?
6
What is the tens digit of 58067?
6
What is the ten thousands digit of 11727?
1
What is the hundreds digit of 1992?
9
What is the tens digit of 9192?
9
What is the tens digit of 2155?
5
What is the tens digit of 73?
7
What is the ten thousands digit of 15176?
1
What is the hundreds digit of 1086?
0
What is the thousands digit of 1781?
1
What is the hundreds digit of 816?
8
What is the thousands digit of 37381?
7
What is the tens digit of 15279?
7
What is the thousands digit of 6377?
6
What is the units digit of 406?
6
What is the ten thousands digit of 56313?
5
What is the thousands digit of 1489?
1
What is the units digit of 107?
7
What is the tens digit of 7177?
7
What is the hundreds digit of 1090?
0
What is the thousands digit of 13297?
3
What is the units digit of 50?
0
What is the hundreds digit of 6366?
3
What is the hundreds digit of 841?
8
What is the tens digit of 2980?
8
What is the hundreds digit of 49546?
5
What is the units digit of 250?
0
What is the thousands digit of 7862?
7
What is the units digit of 38196?
6
What is the units digit of 2818?
8
What is the thousands digit of 2885?
2
What is the tens digit of 84029?
2
What is the tens digit of 3385?
8
What is the units digit of 1781?
1
What is the tens digit of 323?
2
What is the units digit of 737?
7
What is the hundreds digit of 3021?
0
What is the tens digit of 339?
3
What is the units digit of 13281?
1
What is the hundreds digit of 605?
6
What is the tens digit of 1735?
3
What is the tens digit of 3868?
6
What is the units digit of 27600?
0
What is the units digit of 71654?
4
What is the tens digit of 19820?
2
What is the thousands digit of 10213?
0
What is the hundreds digit of 2588?
5
What is the units digit of 153?
3
What is the hundreds digit of 3751?
7
What is the tens digit of 6344?
4
What is the ten thousands digit of 46649?
4
What is the ten thousands digit of 142948?
4
What is the units digit of 6579?
9
What is the hundreds digit of 378?
3
What is the tens digit of 376?
7
What is the thousands digit of 70367?
0
What is the tens digit of 1705?
0
What is the tens digit of 8301?
0
What is the thousands digit of 1215?
1
What is the units digit of 8867?
7
What is the thousands digit of 2828?
2
What is the hundreds digit of 26107?
1
What is the thousands digit of 2043?
2
What is the thousands digit of 5467?
5
What is the hundred thousands digit of 133663?
1
What is the hundreds digit of 742?
7
What is the units digit of 4536?
6
What is the tens digit of 20600?
0
What is the units digit of 1613?
3
What is the hundreds digit of 100313?
3
What is the units digit of 28064?
4
What is the thousands digit of 3192?
3
What is the units digit of 11790?
0
What is the hundreds digit of 812?
8
What is the tens digit of 217?
1
What is the tens digit of 146901?
0
What is the hundreds digit of 1683?
6
What is the tens digit of 19112?
1
What is the hundreds digit of 4326?
3
What is the tens digit of 18105?
0
What is the hundreds digit of 2334?
3
What is the hundreds digit of 9122?
1
What is the thousands digit of 15349?
5
What is the thousands digit of 7607?
7
What is the units digit of 6606?
6
What is the tens digit of 11115?
1
What is the units digit of 127066?
6
What is the tens digit of 2098?
9
What is the hundreds digit of 273?
2
What is the tens digit of 1053?
5
What is the hundreds digit of 685?
6
What is the hundreds digit of 570?
5
What is the hundreds digit of 5978?
9
What is the units digit of 3334?
4
What is the thousands digit of 23521?
3
What is the hundreds digit of 37281?
2
What is the hundreds digit of 7767?
7
What is the thousands digit of 1617?
1
What is the units digit of 11153?
3
What is the thousands digit of 12683?
2
What is the tens digit of 37742?
4
What is the thousands digit of 1433?
1
What is the units digit of 4124?
4
What is the hundreds digit of 4094?
0
What is the tens digit of 8588?
8
What is the hundreds digit of 6744?
7
What is the tens digit of 846?
4
What is the hundreds digit of 104?
1
What is the thousands digit of 2981?
2
What is the hundreds digit of 2401?
4
What is the units digit of 137?
7
What is the tens digit of 29219?
1
What is the hundreds digit of 17291?
2
What is the hundreds digit of 5945?
9
What is the units digit of 3475?
5
What is the ten thousands digit of 25963?
2
What is the tens digit of 861?
6
What is the ten thousands digit of 110393?
1
What is the thousands digit of 31019?
1
What is the hundreds digit of 543?
5
What is the hundreds digit of 4292?
2
What is the units digit of 6649?
9
What is the units digit of 1040?
0
What is the tens digit of 31251?
5
What is the tens digit of 4418?
1
What is the thousands digit of 9252?
9
What is the thousands digit of 4480?
4
What is the tens digit of 1919?
1
What is the ten thousands digit of 40919?
4
What is the tens digit of 64?
6
What is the units digit of 218?
8
What is the units digit of 16699?
9
What is the tens digit of 47318?
1
What is the ten thousands digit of 33901?
3
What is the tens digit o